) = 23*v**2 + 6*v + 18. Let n be k(-6). Suppose 0*j - j + 4*d = 439, 5*j + 2*d + 2195 = 0. Let c = j + n. Is c a prime number?
False
Suppose -u - 4*r + 8454 = 0, u - 2*u + 8442 = -2*r. Let g = -5999 + u. Is g prime?
True
Let m = 10739 - -16788. Is m composite?
False
Let m(y) = -921*y**2 - 5*y + 4. Let h(f) = 2762*f**2 + 15*f - 12. Let l(a) = 3*h(a) + 8*m(a). Is l(1) a composite number?
False
Let t(j) be the third derivative of -73*j**6/120 + j**5/30 - j**4/4 - 17*j**3/6 + 7*j**2 - 2. Is t(-4) a prime number?
False
Let s = 110290 + 18879. Is s a prime number?
True
Is (10 - (-931513)/(-55))*(1 - 6) a composite number?
True
Let c = -61708 - -319655. Is c a prime number?
True
Is ((-6508038)/17)/(-2) + 2734/23239 a prime number?
True
Suppose -15718 + 111220 = 2*v + 4*q, -5*v = -4*q - 238811. Is v a prime number?
False
Let s be (-38247)/18 - 1/6. Let l = -379 - s. Let u = -347 + l. Is u composite?
False
Let k be (3 - 6 - 3696)*1/(-3). Let t = k - 141. Let p = -391 + t. Is p a composite number?
False
Let j be 36/42*(16 - (-8)/(-4)). Suppose -10*n + j*n = 17218. Is n a prime number?
True
Let s(f) = 30738*f - 23. Let u be s(1). Let o = u - 12078. Is o a prime number?
True
Suppose 80*r = 82*r + 3842. Suppose -7*l = -8*l - 2814. Let f = r - l. Is f prime?
False
Let h = -127 + 438. Suppose -717 = -2*t + h. Is t a composite number?
True
Is 94/(1/((66/24 + -3)*-3062)) prime?
False
Let j(c) = -c**2 - 4*c + 10. Let r be j(-5). Let v = -833 + 905. Let m = v + r. Is m prime?
False
Let p = 49 + -38. Let b = p - 116. Let q = b - -184. Is q prime?
True
Let a(z) = -z**3 + 2*z**2 - z + 1099. Let m be 6/39 - (-66)/(-429). Is a(m) composite?
True
Let h(l) = 48*l**2 - 22*l + 131. Let c be 5/4 + -1 - 9675/(-516). Is h(c) prime?
True
Let i(g) = 2887*g**2 + 148*g + 13. Is i(-4) composite?
False
Let m = 569 + -565. Suppose 26137 - 62345 = -4*z + m*s, 4*z - 36223 = -s. Is z prime?
False
Let j(v) = -16*v**3 + v**2 + 8*v - 18. Let n be j(2). Is n/189 - 80206/(-6) prime?
True
Let x(r) = -188*r + 34. Let p(z) = 1. Let g(k) = 3*p(k) - x(k). Is g(10) prime?
False
Let o = 386671 + -41633. Is o composite?
True
Let s = 184504 - 127757. Is s composite?
False
Let i(p) = 2*p**2 + 21*p - 9. Let h be i(-11). Suppose s + 2*l - 9926 = -3959, -3*s = -h*l - 17909. Is s a composite number?
True
Suppose n = 5*k - 2*n - 23, -5*k - 2*n = -18. Suppose -5*x + 1526 = 4*l - 3*x, -1536 = -4*l - k*x. Is l composite?
False
Let o be (24/(-9))/((-12)/18). Let l be (4 - o)*(2 - 1). Suppose 3*u - 2*j - 1311 - 752 = l, -3*u - 2*j = -2083. Is u prime?
True
Suppose -337*u + 917 = -338*u. Let d = 1286 - u. Is d a composite number?
False
Suppose 24*b + 45813696 = 140*b + 76*b. Is b composite?
True
Let p be ((-171)/(-76))/((-2)/(-8)). Let k(u) = -471*u + 12. Let b be k(-5). Suppose b = p*s - 0*s. Is s composite?
False
Let z = 25115 + -13746. Is z composite?
False
Suppose -2*t - 5*q + 7 = 0, 3*t = -q + 3*q + 1. Is (56 + t)*(-8220)/(-180) a composite number?
True
Is ((2/1 - -277482)/2)/(28 + -26) a prime number?
True
Suppose 25*a = 20*a + 15. Suppose a*y + 8*y - 7865 = 0. Let t = y + -268. Is t prime?
False
Let a(f) = 1248*f + 19. Let y be a(-9). Let r be 8/24 - y/3. Let p = r - -197. Is p a prime number?
False
Suppose -2*x + 2*p + 87805 + 105493 = 0, -2*x - 8*p = -193238. Is x composite?
False
Let s = 4359 + 1219. Let q be (2/(-1))/(2/9). Is ((-27)/6)/q*s a composite number?
False
Suppose 0*l - 4*l + 7642 = 2*t, 9575 = 5*l - 2*t. Suppose l + 21 = 2*p - 3*y, -p + 967 = 3*y. Is p prime?
True
Let b = -770334 + 1085331. Is b prime?
False
Let b(c) = -2*c**2 + 4*c + 9. Let u be b(0). Suppose 5*m + 63476 = u*m. Is m a composite number?
True
Suppose -2447 = -2*y - p + 1211, 4*y = p + 7310. Suppose -4977 - y = -5*l. Is l composite?
False
Is (310/(-80))/31*-12 - 838558/(-4) a prime number?
False
Let a(r) = -r**3 - r**2 + 7*r + 9. Let w be a(-2). Let y(l) = -91*l + 5. Let j be y(w). Let q = 155 + j. Is q a composite number?
False
Let h(f) = -f**3 - 2*f - 1. Let q be h(-1). Suppose -2*m + 5*m + o = 8, q*m - 8 = -2*o. Suppose -3*x + m*w + w = -2016, x - 5*w - 668 = 0. Is x composite?
False
Suppose -4*o - 291 = -4*p + 533, 5*o - 426 = -2*p. Let y(q) = -111*q + 4 + 96*q - p*q. Is y(-3) a composite number?
False
Suppose 8*s - 81420 = 321868. Is s composite?
False
Let y = -31074 + 97075. Is y a composite number?
True
Let d be (8145 + 16)*((-8)/2 + 5). Let f = -2448 + d. Is f composite?
True
Suppose 16*g - 20*g = -5*r - 2768884, -21*g = 5*r - 14536641. Is g a composite number?
False
Let r(z) = -793*z - 58. Suppose -160 = 5*t - 145. Is r(t) composite?
True
Suppose 3*k = c - 17, 0 = -3*c + c + k + 14. Suppose -c*w = -0*w + 70. Let d(j) = j**3 + 17*j**2 + 19*j - 3. Is d(w) prime?
False
Let f(l) be the first derivative of -51*l**4/2 + 3*l**3 + 11*l**2 + 3*l + 178. Is f(-4) prime?
False
Let t(b) = b**2 - 10. Let p be t(-2). Let m be 3 + (p/3 - -1). Suppose -c - 4*s + 2399 = 0, s - 2397 = -c - m*s. Is c a composite number?
True
Suppose 0 = 4*s + 5*y - y - 7124, 0 = -5*s + 4*y + 8941. Suppose 5*w = -2*b + 1980, 5*b + 203 = w - 166. Let n = s - w. Is n prime?
False
Suppose 4*d + 5*i = 202, -5*d = -d - 4*i - 184. Suppose -42*h + d*h - 26994 = 0. Is h composite?
True
Let r be (-60)/(-105) - 206*(-9)/14. Is (-19)/(r/42) + 10097 composite?
False
Let i = 99 + -102. Let h be 2/14 + (-1807)/(-91). Is 7330/h - (6/4)/i a prime number?
True
Let s(c) = 45*c**2 - c - 287*c**3 - 46*c**2 + 1134*c**3. Let a be s(-1). Let z = 1294 + a. Is z prime?
False
Let c(j) be the first derivative of 35*j**3/3 + 5*j**2/2 + 21*j - 2. Suppose -4*w - 4 = 0, -4*d = -3*w - 37 - 2. Is c(d) prime?
False
Let o(r) = 3*r**2 - 17*r - 44. Let c be o(13). Let d = c + 79. Is d a prime number?
False
Let z = -1013866 - -1567809. Is z prime?
False
Suppose 9*o + 169 - 10656 - 2446 = 0. Is o composite?
True
Let n = -549 - -565. Suppose -n*x + 98353 = -41919. Is x a composite number?
True
Let y(w) = 16902*w**3 + 49*w**2 - 233*w + 5. Is y(5) composite?
True
Let s = 122 - 118. Suppose -15 = -5*z, z + 0*z = s*n - 13. Is n/(-6) - (-15549)/9 composite?
True
Suppose -9 = w - 101. Suppose -w + 852 = 8*a. Let r = 229 - a. Is r a prime number?
False
Suppose -5*i = 4*j - 6873, 0 = 5*j - 1 - 9. Let m = i + 2520. Is m a prime number?
False
Suppose 66*x - 2*c + 160722 = 70*x, 2*x = c + 80347. Is x a composite number?
False
Let p be (-26 + 6 + 0)/(-2*1). Is (1/(-5))/(p/(-50450)) prime?
True
Suppose 5*u - 6*u = -1. Suppose -4*w + 3*n = -16 - 0, 5*w - 21 = 4*n. Is ((-20)/(-12))/(u*w/3387) a composite number?
True
Let n(f) = -f**3 + 7*f**2 - 10*f + 5. Let k be n(7). Let c = 67 + k. Is c/(-8) - (-1719)/(-24)*-2 composite?
True
Suppose -11*n - 128 = -3*n. Let u be (1714/(-4))/((-8)/n). Let c = u + 1414. Is c a prime number?
True
Let v(s) = 7894*s**2 - 72*s + 1181. Is v(12) a composite number?
True
Let s(y) = -y + 14. Let q be s(13). Let w be (-6 + 2)*q + 6. Suppose 949 = -f + w*f. Is f a prime number?
False
Suppose 41*q - 162241 = 423169 - 152491. Is q a composite number?
False
Is ((-3)/(-12))/((-17)/(-1224884)) a prime number?
True
Suppose -1824*j + 1827*j - 145497 = 0. Is j prime?
False
Let c(g) = 45169*g**2 - 186*g + 781. Is c(4) a composite number?
True
Let z = -65 + 71. Suppose -z*p + 3041 = 185. Suppose -5*k - p = -9*k. Is k a composite number?
True
Is (2 - (-159894 + 4)) + -2 + 36/4 composite?
False
Suppose -2*w + 34 = 3*w + v, 5*w = 2*v + 37. Let p(f) = -9*f + 64*f**2 + 28*f - w*f - 3*f - 11. Is p(4) prime?
True
Let y(p) be the first derivative of p**7/420 - p**6/36 + 13*p**5/120 - p**4/24 + 13*p**3/3 - 5. Let k(n) be the third derivative of y(n). Is k(6) composite?
False
Let k = 106 + -101. Suppose 0 = -3*x - k*v + 177 - 416, x + 53 = 5*v. Let i = x - -288. Is i a composite number?
True
Suppose 3*z = 5*z - 3*x, -4*x = -2*z - 2. Suppose 36315 = 8*c - z*c - 5*t, -4*t = -8. Is c prime?
False
Let h = -1147 - -61. Let w = h + 1613. Is w composite?
True
Suppose 5*v - 1436 = 3*v. Let z(p) = 379*p - 4. Let h be z(3). Let u = h - v. Is u a prime number?
False
Let g = -95902 + 281337. Is g a prime number?
False
Suppose 3*u = 4*i - 2*u - 25, 5 = 3*i - u. Suppose i = -98*y + 99*y - 10871. Is y a composite number?
True
Let p be (-1 + 15)/((-25)/(-75)). Is (3/(-12)*1477)/(p/(-168)) a composite number?
Tr